28. Let j(c) = 412*c**2 + 18*c + 9. Let k(p) = -11*j(p) - 4*l(p). What is the units digit of k(-1)?
5
Let d be 10072/4 + (2 - 4) + 1. Suppose -2*g + d - 207 = 4*t, 3*t + 3*g - 1740 = 0. What is the tens digit of t?
7
What is the tens digit of (-8038)/(-4) + 78/52 + -5?
0
Let t(v) = 15*v**2 + 50*v + 50. What is the units digit of t(-28)?
0
Let u be (-12)/(-18) - 2/3. Suppose -16*w + 17*w - 16 = u. Suppose -472 = w*s - 20*s. What is the tens digit of s?
1
Let w be ((-7)/42*4)/(6/(-5220)). Suppose 0 = -4*h + 14*h - w. What is the units digit of h?
8
Let s = 132 - -428. Let p be (-25)/(-9) + 1 + 28/(-36). Suppose 0 = -p*m + 10*m - s. What is the units digit of m?
0
Suppose 56*d = 5082 + 6342. What is the tens digit of d?
0
Suppose 34*b + 69*b - 598018 = 0. What is the hundreds digit of b?
8
Let x = -3030 - -4485. What is the units digit of x?
5
Suppose 7*y - 27769 = 21259. Let f = y + -4988. What is the tens digit of f?
1
Suppose 6*t - 15 = t. What is the hundreds digit of 9873/33 - ((-140)/(-44) - t)?
2
Suppose 92*s = 182*s - 74*s - 430128. What is the tens digit of s?
8
Let y = 670 - 586. What is the hundreds digit of 4/(-6) - (-27860)/y?
3
Suppose -4*m + 3*m + 3*r + 13 = 0, 0 = 4*m + 4*r - 4. Suppose m*x + 14*w = 10*w + 4000, 2996 = 3*x + 4*w. What is the hundreds digit of x?
0
Suppose -21*l = 3976 - 15295. Suppose 4*n + 104*b - 2144 = 106*b, -n - b + l = 0. What is the tens digit of n?
3
Suppose -3*p = -2*b - 25, -4*p - p + 41 = -4*b. What is the units digit of (103 + 8)/(p/24)?
6
What is the units digit of (52/39 - 8)*(-564)/30*687?
4
Suppose -111*c = -0*c - 338772. What is the units digit of c?
2
Let w(v) = -v**2 - 9*v - 15. Let h be w(-7). Let m be (2 - 73)/(0 - h). Let p = m - -144. What is the tens digit of p?
7
Let a(s) = 22*s**2 - 5*s + 7. Let o = -546 - -550. What is the hundreds digit of a(o)?
3
Suppose 2*s - 436 = -5*v + 9016, 3*s - 5*v - 14153 = 0. Suppose -4*c + 6*c - 1892 = 2*u, -2*u - s = -5*c. What is the hundreds digit of c?
9
Let q = 5829 - 1802. What is the units digit of q?
7
Suppose 0 = -337*m + 2665193 + 2981242. What is the thousands digit of m?
6
Suppose 59105 = -39*f + 907784. What is the units digit of f?
1
Suppose -181*d - 251619 = -57754 - 1116241. What is the thousands digit of d?
5
Suppose 107*k - 104*k - 12627 = -4*u, k + 2*u = 4211. What is the tens digit of k?
0
Let a = 159 + -149. Suppose a*j - 7*j + 2*z - 395 = 0, j - 135 = z. What is the hundreds digit of j?
1
Suppose 0 = -3*d - 4*g + 347, g - 95 = -5*d + 455. Suppose -3*v + c + 359 = 2*c, -5*c - d = -v. Suppose -v + 334 = 5*l. What is the units digit of l?
3
Let r = 52939 - 31236. What is the tens digit of r?
0
Let s(r) = 1006*r**2 - 51*r - 313. What is the units digit of s(-6)?
9
What is the hundreds digit of (-228 - -5038) + (-12)/(-2*1)?
8
What is the thousands digit of 10961 - -9*18/(-54)?
0
Let s = 6268 + 3788. What is the tens digit of s?
5
Suppose y - 2*y + 1447 = 0. Let f = y + -772. What is the units digit of (4/(-6))/((-18)/f)?
5
Let r be (5*-1)/((-9)/(-18)). Let f be (-33)/(-99) + r/(-6). Suppose 358 = 2*k - f*x, -x = k + 3*x - 189. What is the hundreds digit of k?
1
Suppose 54*x - 33*x - 18081 = 0. Let a = x - -101. What is the tens digit of a?
6
Let u(f) = f**2 + 18*f - 16. Let h be u(-20). Let o be 5*(2 - 3) + h. Suppose 8*p + 2057 = o*p. What is the units digit of p?
7
Let x(u) = 214*u + 67. Let w be x(3). Let v = w - 570. What is the units digit of v?
9
Suppose 9021 = -19*d + 45938. What is the tens digit of d?
4
Let p(a) = -2*a**3 + 27*a**2 + 21*a - 6. Let r = 207 - 195. What is the tens digit of p(r)?
7
Suppose 32 = -4*a + 40. Suppose x - 9*n = -7*n + 956, -5*x + a*n + 4764 = 0. What is the units digit of x?
2
Let w be (-21)/6*(8 - 90). Let d = 8 + w. What is the tens digit of d?
9
Let n = 410 + -395. Suppose -2631 = n*m - 14076. What is the tens digit of m?
6
Let s = 15868 - 10178. What is the thousands digit of s?
5
Suppose -4*k - 3*h = -4622, -h - 1 + 3 = 0. What is the tens digit of 0 + k - (14 - 16)?
5
Let d = 110 + 156. Let r = -134 + d. What is the hundreds digit of r?
1
Suppose -8*p + 4325 = -2963. Let t = 1288 - p. What is the tens digit of t?
7
Let z(t) = 224 - 4*t**2 - 29 + 5 + 0*t**2 - 61*t + 3*t**2. What is the hundreds digit of z(-47)?
8
Let r = -35 - -37. Let t(n) = -16*n**2 + 4*n - 9 - 20 + 3*n**r + n**3. What is the tens digit of t(13)?
2
What is the thousands digit of -7 - 1/(2/(-15110)) - -7?
7
Suppose 0 = 197*u - 196*u. Let q(c) = 8*c**2 + c + 421. What is the hundreds digit of q(u)?
4
Suppose 0 = -342*y + 354*y - 1836. Let g(n) = -38*n**3 - 2*n**2 + n + 1. Let r be g(-2). Let d = r - y. What is the tens digit of d?
4
Let i = 356 - 134. Suppose -t = 2*t - i. Let f = t + -59. What is the units digit of f?
5
Suppose 40*h - 36*h = -12443 + 39251. What is the thousands digit of h?
6
Suppose 0 = -3*d - 331 + 340. Suppose 15*x - d*x = 852. What is the tens digit of x?
7
Suppose -2*g + 10 = 3*r, -r - 3*g = g. Suppose r*a + 1 = -11. What is the units digit of (3 - 6) + a + 80?
4
Let z(w) = -55*w**3 + w**2 - w + 1. Let f be z(2). Let s = 765 + f. What is the units digit of s?
8
Suppose 4*o = 5*k - 2920, -k - 3*k + 2*o + 2342 = 0. Let a = -563 + k. What is the tens digit of a?
2
Let o = 119 - 70. Let w = o + -53. What is the hundreds digit of (3/w)/((-4)/576)?
1
Let h(f) = -81*f - 33. Let k be h(-15). Suppose 715 + k = 7*u. What is the hundreds digit of u?
2
Let x(y) = 46*y**2 + 215*y - 374. What is the units digit of x(23)?
5
Let l = 281 - 112. Suppose 0 = p - 3*v - 162, p + 3*v + v = l. What is the units digit of p/6*24/15?
4
Let l(h) = 17*h - 2. Let a(g) = 8*g**2 - g - 1. Let j(c) = 7*c**2. Let p(m) = -2*a(m) + 3*j(m). Let t be p(-1). What is the units digit of l(t)?
3
Suppose -y + 6715 = 4*q, 0 = 2*y - 4*q - 7341 - 6029. What is the thousands digit of y?
6
Suppose 5*x = 2*q + 19975, 2*q = -3*x + 6070 + 5915. Let b = x + -1889. What is the units digit of (b/(-104))/((-2)/8)?
1
Let y(h) = -h**3 + 43*h**2 - 17*h + 40. Let q be y(36). Suppose -10*p = -q + 370. What is the units digit of p?
3
Let p = -14 + 19. What is the units digit of 570/p*4*5/40?
7
Let p = 56022 - 2334. What is the units digit of p?
8
Suppose 561*f + 1934787 = 9388794. What is the tens digit of f?
8
What is the units digit of 24/4 + (-943)/((-2)/168*4)?
9
Suppose 5*m - 285653 = 5*l - l, -m = -2*l - 57121. What is the ten thousands digit of m?
5
Let o = 91 - 457. Let m = o + 111. Let l = m + 389. What is the units digit of l?
4
Let x be ((-284)/2)/(-4 - -6). Let j = 73 + x. Suppose -q + 0 = -4*f + 4, 3*q = j*f + 28. What is the tens digit of q?
1
Suppose 2*s + 6 = 2*d, -3*s = -3*d + s + 8. Suppose -15*o = -6*o - 36. Suppose 0 = 5*y + o*k - 3*k - 82, -d*k + 40 = 2*y. What is the tens digit of y?
1
Let m = 2 - -48. Suppose 0 = 54*r - m*r + 36. What is the tens digit of (-3 - (38 + -2))*42/r?
8
Suppose 0 = 3*x - 3*g - 9, -9 + 3 = 2*g. Suppose n + 1 - 5 = x. Suppose c - 192 = -n*y, -49 = -2*y - 5*c + 65. What is the tens digit of y?
4
Let f = 778 - 2173. Let h = f - -2146. Let n = -519 + h. What is the units digit of n?
2
Suppose -838*h = -1623*h + 813*h - 951412. What is the tens digit of h?
7
Let m(b) = -5079*b + 1565. What is the units digit of m(-8)?
7
Let n be 1695*2*(-2)/(-3). Let d = -1486 + 1514. What is the tens digit of 6/21 + n/d?
8
Let w be 276 + 8/(-4)*-3. What is the tens digit of (w/4)/(1*(-12)/(-64))?
7
Let d be (12 - (5 - 1)*1)/2. Suppose 2*a - 792 = d*f, f + 392 = -2*a + 3*a. What is the units digit of a?
8
Let u(h) = 252*h**2 + 1059*h + 8540. What is the ten thousands digit of u(-8)?
1
Suppose -4*x - 3*m - m = 64, 43 = -3*x - 2*m. Let d = x - 0. What is the units digit of (((-2024)/(-16))/d)/(2/(-28))?
1
Suppose -5*w + 3*u + 34 = 0, -3*w - 5 = u - 17. Let p(v) = 68*v + 6. What is the units digit of p(w)?
6
Let j be ((-2)/4 - -2)*40/15. What is the tens digit of 1338/j*(-4 + (-128)/(-24))?
4
Let i be (-1254)/30 + (-1)/5. Suppose -5*g + 2*r - 280 = -0*g, 0 = -3*g + 5*r - 168. What is the tens digit of g/i + (-113)/(-3)?
3
Suppose 9*z = 4*z + 10. Let x(u) = -6*u**2 - 5*u - 8. Let m(v) = -30*v**2 - 26*v - 40. Let l(q) = z*m(q) - 11*x(q). What is the units digit of l(-3)?
3
Let t = 6 - 16. Let l = -5 - t. Suppose l*w - 349 = -74. What is the tens 